 d(-3).
8
Let f(g) = -g**3 + 52*g**2 + 1086*g + 138. Determine f(68).
2
Let v(j) = -63*j**2 - 14*j + 8. Determine v(1).
-69
Let u(h) = h**2 + 63*h + 247. What is u(-4)?
11
Let l(y) = -68*y + 109. Determine l(2).
-27
Let c(r) = -54*r + 1595. Calculate c(30).
-25
Let t(a) = -121*a - 728. Calculate t(-5).
-123
Let p(h) = h**3 - h**2 - 47*h - 8. Give p(-6).
22
Let j(g) = -g**3 - 8*g**2 + 80*g + 664. Determine j(-9).
25
Let q(k) = -k**2 + 3*k + 344. Give q(20).
4
Let z(j) = 2*j**3 - 27*j**2 - 10*j - 75. What is z(14)?
-19
Let y(i) = 7*i**3 - 16*i**2 - 335*i + 349. Determine y(1).
5
Let g(w) = 197*w + 3145. Determine g(-16).
-7
Let t(b) = 106*b + 2009. Give t(-19).
-5
Let w(d) = 151*d - 3943. Calculate w(26).
-17
Let x(q) = -343*q - 11642. Calculate x(-34).
20
Let s(l) = l**3 + 4*l**2 + 129*l + 663. Determine s(-5).
-7
Let q(h) = 22*h + 1245. Give q(-50).
145
Let x(f) = 31*f - 320. Give x(8).
-72
Let g(p) = -74*p**3 + p**2 + 120*p + 118. What is g(-1)?
73
Let a(v) = 2*v**3 - v**2 + 13*v - 17. Give a(0).
-17
Let v(z) = z**3 + 15*z**2 - 22*z - 8. Give v(-16).
88
Let h(w) = w**3 - 8*w**2 - 13*w + 156. Give h(7).
16
Let n(g) = -g**3 + 18*g**2 - 30*g + 173. Determine n(7).
502
Let u(w) = 545*w - 23. Determine u(0).
-23
Let o(b) = 2*b**2 - 210*b + 382. Give o(103).
-30
Let w(g) = -5*g**3 - 53*g**2 + 82*g - 24. Determine w(-12).
0
Let l(u) = u**2 + 37*u - 367. Determine l(8).
-7
Let c(y) = 1634*y + 14664. Determine c(-9).
-42
Let g(h) = 162*h + 10840. Give g(-66).
148
Let i(b) = b**2 + 34*b + 205. Calculate i(-6).
37
Let h(t) = t**3 + 5*t**2 - 431*t - 2567. Give h(-6).
-17
Let x(h) = h**2 + 10*h - 25. What is x(11)?
206
Let h(a) = -a**3 + a**2 - 21*a - 194. Give h(-4).
-30
Let q(v) = 160*v - 10254. Give q(64).
-14
Let m(d) = -780*d + 2382. What is m(3)?
42
Let c(g) = g**3 - 43*g**2 + 83*g - 57. Calculate c(41).
-16
Let p(f) = -66*f - 4625. Give p(-70).
-5
Let v(z) = -z**3 - 5*z**2 + 101*z - 7. Calculate v(-13).
32
Let k(r) = -305*r + 2440. Give k(8).
0
Let c(v) = 19*v**3 + 5*v**2 + v + 28. Determine c(0).
28
Let x(k) = 22*k - 193. What is x(8)?
-17
Let m(z) = -2*z**2 + 54*z + 38. What is m(29)?
-78
Let f(m) = -m**2 - 455*m - 30893. Determine f(-83).
-17
Let v(p) = 110*p + 9449. Calculate v(-86).
-11
Let b(z) = z**3 - 26*z**2 - 6*z + 116. What is b(26)?
-40
Let x(m) = -m**3 - 165*m**2 + 854*m + 714. Give x(-170).
34
Let r(m) = 11*m**2 - 543*m - 2984. Give r(-5).
6
Let g(c) = 73*c - 521. Give g(13).
428
Let a(k) = -3*k**3 - 4*k**2 + 218*k + 435. What is a(-2)?
7
Let g(d) = d**3 - 14*d**2 - 20*d. Calculate g(15).
-75
Let x(h) = 2703*h + 37841. Determine x(-14).
-1
Let m(t) = -t**3 + 22*t**2 - 62*t - 11. What is m(19)?
-106
Let u(s) = 30*s - 109. Give u(6).
71
Let w(p) = -1818*p + 7282. Determine w(4).
10
Let x(v) = -v**3 + 16*v**2 + 126*v - 74. What is x(22)?
-206
Let h(b) = b**2 + 227*b + 3194. Determine h(-15).
14
Let v(y) = -32*y + 583. What is v(16)?
71
Let c(o) = -3*o**2 - 20*o + 38. Determine c(-12).
-154
Let y(m) = m**3 - 81*m**2 - 71*m - 900. What is y(82)?
2
Let p(s) = 30*s + 266. Calculate p(-7).
56
Let o(x) = -28*x - 7. Give o(-1).
21
Let x(y) = -45*y + 1245. Calculate x(28).
-15
Let i(n) = -13*n**2 + 190*n + 29. Calculate i(13).
302
Let s(p) = 40*p + 1212. Determine s(-29).
52
Let p(u) = u**2 + 34*u - 335. Give p(8).
1
Let a(d) = -3*d**3 - 654*d**2 + 2658*d + 8. Calculate a(4).
-16
Let i(o) = 10*o**2 - 97*o + 234. Calculate i(6).
12
Let s(y) = 275*y + 7399. Calculate s(-27).
-26
Let x(y) = -1302*y - 32562. Calculate x(-25).
-12
Let o(x) = -2*x**2 + 3327*x + 57145. What is o(-17)?
8
Let i(a) = a**3 - 79*a**2 + 14*a - 1100. Calculate i(79).
6
Let a(b) = 4*b**2 - 45*b + 16. Determine a(12).
52
Let z(u) = 187*u + 6924. Give z(-37).
5
Let c(w) = -2005*w - 42105. Calculate c(-21).
0
Let j(s) = 6*s**2 - 7*s - 6. Determine j(4).
62
Let x(k) = 2*k**2 - 166*k + 1905. Determine x(69).
-27
Let i(a) = -183*a**3 + 4*a**2 + 2*a + 1. Determine i(-1).
186
Let m(t) = 2622*t - 18360. What is m(7)?
-6
Let w(n) = -n**3 - 27*n**2 + 7*n + 226. What is w(-27)?
37
Let n(y) = y**2 + 81*y - 1217. Determine n(-94).
5
Let w(g) = -2*g + 11. Determine w(9).
-7
Let c(s) = -2*s**3 - 15*s**2 - 9*s + 29. Calculate c(-6).
-25
Let p(a) = 59*a - 2199. Give p(39).
102
Let b(t) = t**2 - 25*t + 14. Calculate b(22).
-52
Let f(n) = -3*n**2 + 43*n + 22. What is f(10)?
152
Let h(w) = -w**2 + 57*w - 781. Give h(35).
-11
Let s(a) = -35*a**2 - 11*a - 25. What is s(-2)?
-143
Let x(j) = 15*j - 571. Determine x(36).
-31
Let s(o) = 47*o - 760. Calculate s(16).
-8
Let z(s) = -13*s**3 - 3*s**2 + 18*s - 32. Give z(2).
-112
Let t(a) = -76*a - 776. What is t(-11)?
60
Let j(o) = 67*o - 2083. Give j(31).
-6
Let b(w) = -74*w**2 - 12*w + 11. What is b(1)?
-75
Let v(c) = -c**2 - 153*c + 886. Determine v(6).
-68
Let g(l) = -22*l - 2331. Calculate g(-111).
111
Let u(k) = -6*k**2 - 25*k + 64. Give u(3).
-65
Let k(o) = -394*o - 28. What is k(0)?
-28
Let l(d) = -2*d**3 + 14*d**2 + 45*d - 277. Calculate l(7).
38
Let o(i) = i**2 - 41*i - 12699. Determine o(-94).
-9
Let n(o) = 17*o + 75. Determine n(-9).
-78
Let k(c) = -35*c + 324. What is k(9)?
9
Let g(v) = -7*v**2 + 345*v + 48. Give g(50).
-202
Let f(o) = -415*o - 16191. Calculate f(-39).
-6
Let r(d) = 2*d**2 + 238*d + 2379. What is r(-108)?
3
Let m(o) = -2*o + 103. What is m(-13)?
129
Let y(c) = -2490*c - 22399. What is y(-9)?
11
Let t(o) = o**2 - 109*o - 126982. Calculate t(415).
8
Let m(c) = 3*c**2 + 65*c - 40. Give m(-20).
-140
Let p(r) = 885*r - 2644. Calculate p(3).
11
Let p(r) = r**2 - 21*r + 98. Give p(6).
8
Let a(n) = -6204*n - 9. Determine a(0).
-9
Let y(g) = -2*g**2 - 8*g + 650. What is y(-20)?
10
Let i(o) = -56*o**2 + 20*o - 36. What is i(2)?
-220
Let r(n) = -n**3 + 12*n**2 + 92*n - 1024. Calculate r(13).
3
Let d(n) = 2*n**3 + 45*n**2 + 212*n + 182. What is d(-5)?
-3
Let n(i) = 59*i**3 - 3*i**2 - 24*i - 23. What is n(-1)?
-61
Let s(i) = -7*i**2 - 83*i - 167. Determine s(-4).
53
Let d(a) = 3*a**2 + 96*a + 128. Give d(-31).
35
Let n(m) = 98*m + 1525. Determine n(-16).
-43
Let o(d) = -208*d + 177. Calculate o(1).
-31
Let h(v) = -v**2 - 2*v + 2. Calculate h(-3).
-1
Let l(j) = -j - 37. Determine l(-17).
-20
Let m(a) = a**3 - 37*a**2 + 68*a + 79. Give m(35).
9
Let k(u) = -2*u**2 - 38*u + 205. Give k(-20).
165
Let l(p) = -10*p**3 + p**2 + 5*p + 31. Determine l(0).
31
Let l(o) = 61*o**2 - 240*o - 5. Determine l(4).
11
Let p(v) = 3*v**2 + 35*v + 5. What is p(-9)?
-67
Let q(j) = -423*j + 6768. What is q(16)?
0
Let p(i) = 2*i**3 + 26*i**2 + 29*i + 54. Give p(-12).
-6
Let p(l) = l**2 - 29*l - 62. What is p(31)?
0
Let j(f) = 4*f**2 - 759*f + 5288. Determine j(7).
171
Let i(k) = -k**2 - 16*k + 7. Give i(-16).
7
Let v(d) = -11*d + 240. What is v(18)?
42
Let r(v) = 109*v**3 - 9*v + 10. Calculate r(1).
110
Let z(i) = 9*i**2 - 302*i - 4401. Give z(-11).
10
Let r(h) = -3*h**2 + 19*h + 465. What is r(16)?
1
Let v(w) = w**3 + 124*w**2 + 2401*w + 94. What is v(-100)?
-6
Let g(o) = o**3 + 6*o**2 - 108*o - 14. What is g(-12)?
418
Let n(f) = 2*f**3 - 25*f**2 - 217*f + 36. What is n(-6)?
6
Let b(v) = -5*v**3 + 30*v**2 - 21*v + 82. Calculate b(6).
-44
Let g(v) = -107*v + 1171. Give g(11).
-6
Let z(b) = -b**3 + 52*b**2 + 551*b - 63. Give z(61).
59
Let a(p) = 8*p**2 - 48*p + 4. Calculate a(8).
132
Let b(a) = a**2 - 672*a - 41. Give b(0).
-41
Let w(d) = 526*d + 5024. What is w(-10)?
-236
Let m(j) = 41*j - 534. Determine m(33).
819
Let c(x) = -81*x - 2525. What is c(-32)?
67
Let c(p) = -101*p + 215. What is c(2)?
13
Let u(y) = -5*y**2 + 183*y - 731. Determine u(4).
-79
Let b(g) = -g**3 + 18*g**2 + 6*g - 689. Determine b(16).
-81
Let s(o) = -o**2 - 45*o + 331. Give s(7).
-33
Let r(n) = -n**3 - 7*n**2 - 91*n - 326. Calculate r(-4).
-10
Let j(d) = 16*d**2 + 38*d + 60. What is j(-4)?
164
Let j(o) = 11*o**2 - 179*o - 14. Calculate j(5).
-634
Let f(l) = -113*l**3 + 2*l - 3. Give f(1).
-114
Let h(o) = o**2 - 8*o - 18. Determine h(11).
15
Let w(r) = -r**3 + 49*r**2 + 190*r + 1172. Determine w(53).
6
Let l(f) = f**3 - 28*f**2 - 211*f - 25. Calculate l(-6).
17
Let c(a) = 4*a**2 + 540*a - 2180. Give c(4).
44
Let x(a) = a**2 + 47*a - 6416. Determine x(-107).
4
Let w(n) = -11*n - 278. What is w(-13)?
-135
Let p(f) = -f**2 - 6*f - 13. What is p(6)?
-85
Let f(y) = -y**2 - 19*y + 201. Give f(-